 = -124*c + 8438. Calculate t(68).
6
Let o(s) = 2*s + 35. Determine o(-14).
7
Let t(f) = 51*f - 114. Calculate t(2).
-12
Let t(z) = 40*z + 6177. Calculate t(-154).
17
Let h(b) = -6473*b - 12955. Determine h(-2).
-9
Let n(c) = 126*c - 17784. Calculate n(141).
-18
Let d(n) = 2*n**3 + 56*n**2 + 21*n + 292. Determine d(-28).
-296
Let m(x) = 230*x - 2417. What is m(10)?
-117
Let b(w) = -19*w**2 - 209*w - 5. Give b(-11).
-5
Let g(z) = 19*z**3 - 2*z**2 - 71*z - 12. Calculate g(0).
-12
Let z(o) = -43*o - 838. Determine z(-16).
-150
Let w(k) = -40*k + 1202. Determine w(30).
2
Let k(m) = -m**3 + 30*m**2 + 31*m - 245. What is k(31)?
-245
Let h(q) = 506*q + 1008. Calculate h(-2).
-4
Let r(x) = 164*x + 18. What is r(-1)?
-146
Let n(y) = 2*y**3 - 118*y**2 + 1137*y - 16. What is n(12)?
92
Let o(t) = t**3 + 19*t**2 - 36*t + 130. Calculate o(-21).
4
Let d(g) = 20*g + 227. Give d(-11).
7
Let l(a) = 103*a - 16176. Calculate l(157).
-5
Let v(b) = -b**3 - 7*b**2 + 19*b + 91. What is v(-8)?
3
Let k(o) = -o**2 - 30*o + 1586. What is k(-58)?
-38
Let r(g) = -17*g + 279. What is r(0)?
279
Let f(j) = -3935*j + 23643. Determine f(6).
33
Let z(o) = 10*o**2 + 302*o - 1486. Give z(5).
274
Let c(n) = -4*n**2 + 99*n - 85. Calculate c(23).
76
Let c(m) = m**2 + 336*m + 12336. Give c(-42).
-12
Let g(d) = d**2 + d - 105. Determine g(-12).
27
Let s(j) = 14*j**2 - 94*j + 276. What is s(3)?
120
Let c(x) = 6*x**2 - 133*x - 13. Give c(22).
-35
Let m(i) = i**3 + 23*i**2 - 31*i - 218. Give m(-24).
-50
Let r(b) = -148*b - 1368. Give r(-9).
-36
Let z(d) = -5*d**3 + 23*d**2 + 34*d - 9. Calculate z(6).
-57
Let r(s) = -s**3 - 119*s**2 - 239*s - 566. Determine r(-117).
19
Let j(l) = -l**3 - 6*l**2 + 36*l + 141. Calculate j(-4).
-35
Let m(h) = -10*h**2 + 168*h - 641. Give m(11).
-3
Let c(r) = 45*r - 1. Give c(1).
44
Let g(x) = 2*x**3 + 57*x**2 - 221*x + 110. What is g(-32)?
14
Let l(r) = -87*r + 861. Determine l(12).
-183
Let b(y) = -76*y + 235. Calculate b(3).
7
Let v(n) = 2*n**3 + 39*n**2 + 159*n + 56. Determine v(-14).
-14
Let l(w) = -5*w**2 - 126*w - 764. Calculate l(-10).
-4
Let r(p) = -28*p + 1007. What is r(36)?
-1
Let x(z) = -z**2 + 174*z - 3953. Give x(27).
16
Let b(n) = 52*n - 1413. Calculate b(28).
43
Let r(s) = -s**3 + 3*s**2 + 8*s - 9. Determine r(6).
-69
Let z(o) = -o**3 - 21*o**2 - 33*o + 101. Determine z(-19).
6
Let y(l) = -l**3 + 66*l**2 - 11*l + 122. What is y(66)?
-604
Let j(w) = -1559*w**2 - 21827*w - 14. Calculate j(-14).
0
Let p(s) = 448*s - 170239. Calculate p(380).
1
Let y(z) = -17*z**2 + 169*z - 263. What is y(8)?
1
Let s(f) = -f**3 + 10*f**2 - 43*f + 143. Determine s(9).
-163
Let w(z) = z**2 + 122*z - 1171. Calculate w(9).
8
Let q(b) = -18*b**2 + 113*b - 25. Give q(6).
5
Let z(p) = 462*p + 7399. What is z(-16)?
7
Let s(j) = j**3 + 41*j**2 - 239*j - 225. What is s(-46)?
189
Let l(w) = -w**2 + 29*w - 86. Calculate l(26).
-8
Let m(s) = -35*s + 1490. Give m(39).
125
Let p(n) = 4*n**2 - 3*n + 48. Calculate p(7).
223
Let d(u) = 53*u + 524. Calculate d(-10).
-6
Let h(b) = 13*b - 107. Calculate h(-19).
-354
Let w(h) = h**2 + 21*h - 644. Determine w(17).
2
Let n(w) = -103*w + 4657. Determine n(45).
22
Let d(p) = p**2 - 1059*p + 9424. Give d(9).
-26
Let t(w) = -2*w**3 - 24*w**2 + 37*w + 278. Determine t(-13).
135
Let m(t) = 4*t**2 + 14*t - 3. Give m(3).
75
Let m(s) = -5*s**2 + 70*s + 58. What is m(15)?
-17
Let g(p) = 132*p + 16. Determine g(0).
16
Let q(o) = o**3 + 84*o**2 - 135*o + 3182. Give q(-86).
0
Let u(x) = -2*x**2 - 141*x + 3070. Give u(-88).
-10
Let w(n) = n + 88. Give w(6).
94
Let h(j) = -6*j**2 + 34*j - 31. Calculate h(8).
-143
Let p(a) = -a**2 + 9*a + 106. Determine p(-9).
-56
Let t(s) = -3*s**2 + 13*s - 14. Give t(4).
-10
Let y(c) = c**3 + 9*c**2 - 19*c - 95. Give y(-9).
76
Let l(u) = u**3 - 24*u**2 - 39*u - 329. Calculate l(26).
9
Let q(x) = x**3 + 16*x**2 - 4978*x - 72. Determine q(-79).
7
Let a(y) = -y**2 + 19*y + 159. Give a(24).
39
Let b(z) = 11*z**2 - 409*z + 814. Give b(2).
40
Let v(d) = 309*d + 247. Give v(-1).
-62
Let h(m) = 2*m**3 - 10*m**2 - 26*m + 122. Calculate h(3).
8
Let k(w) = 10*w + 59. Calculate k(-7).
-11
Let a(f) = -f**2 + 124*f - 710. Determine a(6).
-2
Let i(c) = 2*c**3 - 23*c**2 + 57*c - 111. Determine i(9).
-3
Let d(p) = -44*p + 145. What is d(3)?
13
Let p(f) = -95*f + 928. Calculate p(10).
-22
Let t(q) = q**3 + 14*q**2 + 31*q + 82. Calculate t(-10).
172
Let x(f) = -11*f - 4. Calculate x(3).
-37
Let i(w) = -w**2 - 26*w + 1446. Give i(27).
15
Let j(q) = q**3 + 11*q + 1. Determine j(0).
1
Let y(g) = -g**3 + 13*g**2 - 15*g + 41. Calculate y(12).
5
Let h(k) = -k**3 + 44*k + 7. Give h(0).
7
Let f(n) = 6*n**2 + 96*n + 9. Calculate f(-11).
-321
Let u(a) = a**3 + 17*a**2 + 9*a + 166. What is u(-15)?
481
Let n(z) = 30*z**2 + 1289*z - 59. Give n(-43).
-16
Let t(j) = -28*j**2 - 251*j - 53. Give t(-9).
-62
Let j(d) = -8*d + 386. Determine j(43).
42
Let g(j) = 6667*j - 6682. What is g(1)?
-15
Let g(w) = -w**2 + 19*w + 310. Calculate g(-10).
20
Let r(b) = -15*b**2 + 438*b - 1. Calculate r(29).
86
Let i(q) = 80*q - 1129. What is i(12)?
-169
Let l(g) = 623*g - 21759. Give l(35).
46
Let z(u) = -u**3 + 18*u**2 + 35*u + 98. Give z(20).
-2
Let x(b) = 7*b**2 - 7*b - 9. Calculate x(1).
-9
Let n(d) = -2*d**2 - 111*d + 79. Give n(-55).
134
Let v(k) = -13*k**2 - 64*k + 17. Calculate v(-5).
12
Let r(x) = 2*x + 60. What is r(8)?
76
Let v(s) = s**3 - 31*s**2 + 147*s - 434. Give v(26).
8
Let i(y) = 23*y**2 + 47*y - 46. Give i(1).
24
Let o(h) = h**3 - 41*h**2 - 169*h - 498. Calculate o(45).
-3
Let m(l) = 7*l**3 - 7*l**2 + 7*l - 2. What is m(3)?
145
Let p(y) = 674*y**2 - 4046*y + 19. Calculate p(6).
7
Let z(j) = -4*j**2 + 12*j + 4. Calculate z(6).
-68
Let v(n) = -n**2 - 17*n + 3480. What is v(51)?
12
Let g(p) = 11*p**2 + 247*p + 121. Determine g(-22).
11
Let l(f) = -f**2 - 17*f + 59. Give l(-10).
129
Let i(z) = 2*z**3 + 19*z**2 + 43*z - 1. What is i(-4)?
3
Let o(r) = 7*r**2 + 38*r + 73. What is o(-2)?
25
Let z(t) = 77*t + 8450. What is z(-110)?
-20
Let u(d) = d + 288. Determine u(-50).
238
Let r(s) = -s**3 - 14*s**2 - 2*s + 13. Give r(-12).
-251
Let y(c) = -c**2 + 700*c + 4869. Determine y(-7).
-80
Let i(n) = -n**2 + 41*n - 80. Determine i(2).
-2
Let f(h) = h**3 - h**2 + h + 50. What is f(0)?
50
Let b(d) = -3*d**2 + 142*d + 175. What is b(48)?
79
Let s(y) = -y**3 - 16*y**2 - 13*y - 131. Determine s(-16).
77
Let o(h) = -h**2 + 33*h + 2674. What is o(71)?
-24
Let x(v) = v**2 + 461*v - 2326. What is x(5)?
4
Let a(f) = 65*f**2 - 5914*f - 99. Calculate a(91).
-8
Let j(k) = 95*k + 758. Give j(-7).
93
Let n(c) = 200*c - 1610. Determine n(8).
-10
Let g(z) = 286*z**2 + 9*z + 11. Calculate g(-1).
288
Let s(x) = x**3 + 11*x**2 + 58*x + 889. Calculate s(-12).
49
Let m(l) = -192*l + 1020. Calculate m(6).
-132
Let w(d) = d**3 - 29*d**2 - 50*d - 376. What is w(31)?
-4
Let v(r) = -r**3 + 116*r**2 - 3299*r - 32. What is v(66)?
34
Let k(t) = 2*t**3 - 22*t**2 - 4*t + 6. Calculate k(-3).
-234
Let h(o) = 15*o - 626. Calculate h(38).
-56
Let i(c) = c**3 - 4*c**2 - 27*c - 40. Calculate i(-2).
-10
Let y(c) = -231*c + 2785. Calculate y(12).
13
Let o(v) = -3*v**2 - 21*v + 54. Determine o(-9).
0
Let z(r) = -2*r**3 + 62*r + 4. Calculate z(-6).
64
Let b(a) = -17*a - 488. Determine b(-29).
5
Let x(b) = 23*b**2 + 32*b - 112. Calculate x(5).
623
Let o(m) = m**3 + 14*m**2 - 14*m + 3. Give o(-14).
199
Let o(k) = 4*k**2 + 588*k + 20650. Determine o(-89).
2
Let u(r) = r**3 - 96*r**2 + 870*r - 96. Determine u(10).
4
Let q(z) = -2*z**2 + 128*z - 780. Determine q(57).
18
Let p(i) = i**3 + 17*i**2 + 131*i + 1421. What is p(-15)?
-94
Let r(m) = m**3 - 12*m**2 - 7*m + 37. Give r(14).
331
Let u(b) = -2*b**3 + 8*b**2 + 9*b - 5. Determine u(-4).
215
Let g(a) = -2*a**3 - 32*a + 142. Calculate g(6).
-482
Let y(j) = -j**2 - 137*j + 716. Give y(5).
6
Let j(o) = 80*o**3 + 2*o**2 + 2*o - 3. Calculate j(1).
81
Let b(u) = 2*u**3 + 29*u**2 + 21*u + 105. Give b(-14).
7
Let c(h) = -h**2 - 18*h + 401. Calculate c(-31).
-2
Let l(y) = -y**3 - 40*y**2 - 143*y + 32. What is l(-36)?
-4
Let t(l) = l**3 + 16*l**2 - 172*l + 9. Determine t(7).
-68
Let p(s) = -s**3 - 9*s**2 - 16. Give p(-11).
226
Let l(b) = -2*b**2 - 197*b + 2913. Calculate l(15).
-492
Let h(a) = -177*a**2 + 2829*a + 58. Give h(16).
10
Let y(v) = -17*v**3 - 20*v**2 